{"id":44,"date":"2024-05-15T20:24:19","date_gmt":"2024-05-15T18:24:19","guid":{"rendered":"https:\/\/dyrebarrecovery.no\/?page_id=44"},"modified":"2024-06-19T15:25:04","modified_gmt":"2024-06-19T13:25:04","slug":"om-oss","status":"publish","type":"page","link":"https:\/\/dyrebarrecovery.no\/?page_id=44","title":{"rendered":"Om oss"},"content":{"rendered":"\n\t<div id=\"gap-423330077\" class=\"gap-element clearfix\" style=\"display:block; height:auto;\">\n\t\t\n<style>\n#gap-423330077 {\n  padding-top: 30px;\n}\n<\/style>\n\t<\/div>\n\t\n\n\t<section class=\"section\" id=\"section_250948654\">\n\t\t<div class=\"bg section-bg fill bg-fill  bg-loaded\" >\n\n\t\t\t\n\t\t\t\n\t\t\t\n\n\t\t<\/div>\n\n\t\t\n\n\t\t<div class=\"section-content relative\">\n\t\t\t\n\n<div class=\"row row-full-width align-equal row-solid\"  id=\"row-1151020266\">\n\n\n\t<div id=\"col-823309037\" class=\"col medium-5 small-12 large-3\"  >\n\t\t\t\t<div class=\"col-inner\"  >\n\t\t\t\n\t\t\t\n\n\t<div class=\"box has-hover   has-hover box-text-bottom\" >\n\n\t\t<div class=\"box-image\" style=\"width:71%;\">\n\t\t\t\t\t\t<div class=\"image-cover\" style=\"padding-top:100%;\">\n\t\t\t\t<img loading=\"lazy\" decoding=\"async\" width=\"1220\" height=\"1228\" src=\"https:\/\/dyrebarrecovery.no\/wp-content\/uploads\/2024\/05\/a8038f_9bdb0eb7d806496eb7186384ae4faddbmv2.jpg-2.webp\" class=\"attachment- size-\" alt=\"\" srcset=\"https:\/\/dyrebarrecovery.no\/wp-content\/uploads\/2024\/05\/a8038f_9bdb0eb7d806496eb7186384ae4faddbmv2.jpg-2.webp 1220w, https:\/\/dyrebarrecovery.no\/wp-content\/uploads\/2024\/05\/a8038f_9bdb0eb7d806496eb7186384ae4faddbmv2.jpg-2-298x300.webp 298w, https:\/\/dyrebarrecovery.no\/wp-content\/uploads\/2024\/05\/a8038f_9bdb0eb7d806496eb7186384ae4faddbmv2.jpg-2-1017x1024.webp 1017w, https:\/\/dyrebarrecovery.no\/wp-content\/uploads\/2024\/05\/a8038f_9bdb0eb7d806496eb7186384ae4faddbmv2.jpg-2-150x150.webp 150w, https:\/\/dyrebarrecovery.no\/wp-content\/uploads\/2024\/05\/a8038f_9bdb0eb7d806496eb7186384ae4faddbmv2.jpg-2-768x773.webp 768w\" sizes=\"auto, (max-width: 1220px) 100vw, 1220px\" \/>\t\t\t\t\t\t\t\t\t\t\t<\/div>\n\t\t\t\t\t<\/div>\n\n\t\t<div class=\"box-text text-center is-xsmall\" >\n\t\t\t<div class=\"box-text-inner\">\n\t\t\t\t\n\n\t<div id=\"text-537407540\" class=\"text\">\n\t\t\n\n<h4>CEO Dyrebar Recovery AS<\/h4>\n<p>Erik Aleksander Andersen\u00a0<\/p>\n\t\t\n<style>\n#text-537407540 {\n  font-size: 1rem;\n}\n<\/style>\n\t<\/div>\n\t\n\t<div id=\"gap-549113535\" class=\"gap-element clearfix\" style=\"display:block; height:auto;\">\n\t\t\n<style>\n#gap-549113535 {\n  padding-top: 30px;\n}\n<\/style>\n\t<\/div>\n\t\n\n<div class=\"social-icons follow-icons\" style=\"font-size:95%\"><a href=\"#\" target=\"_blank\" data-label=\"Facebook\" class=\"icon primary button circle facebook tooltip\" title=\"Follow on Facebook\" aria-label=\"Follow on Facebook\" rel=\"noopener nofollow\" ><i class=\"icon-facebook\" ><\/i><\/a><a href=\"#\" target=\"_blank\" data-label=\"Instagram\" class=\"icon primary button circle instagram tooltip\" title=\"Follow on Instagram\" aria-label=\"Follow on Instagram\" rel=\"noopener nofollow\" ><i class=\"icon-instagram\" ><\/i><\/a><a href=\"#\" target=\"_blank\" data-label=\"TikTok\" class=\"icon primary button circle tiktok tooltip\" title=\"Follow on TikTok\" aria-label=\"Follow on TikTok\" rel=\"noopener nofollow\" ><i class=\"icon-tiktok\" ><\/i><\/a><a href=\"mailto:#\" data-label=\"E-mail\" target=\"_blank\" class=\"icon primary button circle email tooltip\" title=\"Send us an email\" aria-label=\"Send us an email\" rel=\"nofollow noopener\" ><i class=\"icon-envelop\" ><\/i><\/a><a href=\"tel:#\" data-label=\"Phone\" target=\"_blank\" class=\"icon primary button circle phone tooltip\" title=\"Call us\" aria-label=\"Call us\" rel=\"nofollow noopener\" ><i class=\"icon-phone\" ><\/i><\/a><a href=\"#\" data-label=\"YouTube\" target=\"_blank\" class=\"icon primary button circle youtube tooltip\" title=\"Follow on YouTube\" aria-label=\"Follow on YouTube\" rel=\"noopener nofollow\" ><i class=\"icon-youtube\" ><\/i><\/a><\/div>\n\n\n\t\t\t<\/div>\n\t\t<\/div>\n\t<\/div>\n\t\n\n\t\t<\/div>\n\t\t\t\t\t<\/div>\n\n\t\n\n\t<div id=\"col-1963900648\" class=\"col medium-7 small-12 large-8\"  >\n\t\t\t\t<div class=\"col-inner\"  >\n\t\t\t\n\t\t\t\n\n\t<div id=\"gap-1557763204\" class=\"gap-element clearfix\" style=\"display:block; height:auto;\">\n\t\t\n<style>\n#gap-1557763204 {\n  padding-top: 30px;\n}\n<\/style>\n\t<\/div>\n\t\n\n\t<div id=\"text-957331584\" class=\"text\">\n\t\t\n\n<h3>Om Erik<\/h3>\n\t\t\n<style>\n#text-957331584 {\n  font-size: 1.55rem;\n  line-height: 0.75;\n  text-align: center;\n}\n<\/style>\n\t<\/div>\n\t\n\t<div id=\"text-130598313\" class=\"text\">\n\t\t\n\n<p><strong>Avdelingsleder for Oslo Hundeskole.<\/strong><br \/><strong>Eier og driver tre\u00a0franchaise avdelinger for Oslo Hundeskole, Follo,\u00a0\u00d8stfold og Trondheim.<\/strong><\/p>\n<p>Er en av instrukt\u00f8rene p\u00e5 Oslo Hundeskoles egen instrukt\u00f8rutdanning.<br \/>Samarbeid med Eksplosivhund, hvor de trener opp\u00a0hunder som skal s\u00f8ke etter udetonert sprengstoff.<br \/>Samarbeid med Forsvarets Hundeskole som forvert og forvertsansvarlig.<br \/>Milj\u00f8terapeut for Folk og Fe.<br \/>Folk og Fe benytter hund som verkt\u00f8y for mestring og mestringsf\u00f8lelse.<br \/>Gjennom Oslo Hundeskole avd \u00d8stfold har han et samarbeid med Hundebarnehagen i \u00d8stfold AS.<br \/>Har aktivitet med hund og egenvektstrening\u00a0i et tiltak gjennom NAV for de i LAR\u00a0og med rusproblematikk.<\/p>\n<p>Eier Dyrebar Recovery AS sammen med Lene Marie Kapstad.<\/p>\n<p>Flere utmerkelser i VM.<\/p>\n\t\t\n<style>\n#text-130598313 {\n  font-size: 1rem;\n}\n<\/style>\n\t<\/div>\n\t\n<a data-animate=\"fadeInLeft\" class=\"button success is-outline is-xxsmall\"  style=\"border-radius:5px;padding:6px 30px 6px 30px;\">\n    <span>Kontakt Erik<\/span>\n  <\/a>\n\n\n\n\t\t<\/div>\n\t\t\t\t\n<style>\n#col-1963900648 > .col-inner {\n  padding: 0px 1% 0px 1%;\n}\n@media (min-width:550px) {\n  #col-1963900648 > .col-inner {\n    padding: 0px 2% 0px 2%;\n  }\n}\n@media (min-width:850px) {\n  #col-1963900648 > .col-inner {\n    padding: 0px 0px 0px 10%;\n  }\n}\n<\/style>\n\t<\/div>\n\n\t\n\n<\/div>\n\n\t\t<\/div>\n\n\t\t\n<style>\n#section_250948654 {\n  padding-top: 30px;\n  padding-bottom: 30px;\n}\n<\/style>\n\t<\/section>\n\t\n\t<section class=\"section\" id=\"section_1735446902\">\n\t\t<div class=\"bg section-bg fill bg-fill  bg-loaded\" >\n\n\t\t\t\n\t\t\t\n\t\t\t\n\n\t\t<\/div>\n\n\t\t\n\n\t\t<div class=\"section-content relative\">\n\t\t\t\n\n<div class=\"row row-full-width align-equal row-solid\"  id=\"row-208757150\">\n\n\n\t<div id=\"col-104655626\" class=\"col medium-5 small-12 large-3\"  >\n\t\t\t\t<div class=\"col-inner\"  >\n\t\t\t\n\t\t\t\n\n\t<div class=\"box has-hover   has-hover box-text-bottom\" >\n\n\t\t<div class=\"box-image\" style=\"width:71%;\">\n\t\t\t\t\t\t<div class=\"image-cover\" style=\"padding-top:100%;\">\n\t\t\t\t<img loading=\"lazy\" decoding=\"async\" width=\"1440\" height=\"882\" src=\"https:\/\/dyrebarrecovery.no\/wp-content\/uploads\/2024\/05\/Unknown-8.jpg\" class=\"attachment- size-\" alt=\"\" srcset=\"https:\/\/dyrebarrecovery.no\/wp-content\/uploads\/2024\/05\/Unknown-8.jpg 1440w, https:\/\/dyrebarrecovery.no\/wp-content\/uploads\/2024\/05\/Unknown-8-300x184.jpg 300w, https:\/\/dyrebarrecovery.no\/wp-content\/uploads\/2024\/05\/Unknown-8-1024x627.jpg 1024w, https:\/\/dyrebarrecovery.no\/wp-content\/uploads\/2024\/05\/Unknown-8-768x470.jpg 768w\" sizes=\"auto, (max-width: 1440px) 100vw, 1440px\" \/>\t\t\t\t\t\t\t\t\t\t\t<\/div>\n\t\t\t\t\t<\/div>\n\n\t\t<div class=\"box-text text-center is-xsmall\" >\n\t\t\t<div class=\"box-text-inner\">\n\t\t\t\t\n\n\t<div id=\"text-3563695023\" class=\"text\">\n\t\t\n\n<h4>CEO Dyrebar Recovery AS<\/h4>\n<p>Lene Marie Kapstad\u00a0<\/p>\n\t\t\n<style>\n#text-3563695023 {\n  font-size: 1rem;\n}\n<\/style>\n\t<\/div>\n\t\n\t<div id=\"gap-656962382\" class=\"gap-element clearfix\" style=\"display:block; height:auto;\">\n\t\t\n<style>\n#gap-656962382 {\n  padding-top: 30px;\n}\n<\/style>\n\t<\/div>\n\t\n\n<div class=\"social-icons follow-icons\" style=\"font-size:95%\"><a href=\"#\" target=\"_blank\" data-label=\"Facebook\" class=\"icon primary button circle facebook tooltip\" title=\"Follow on Facebook\" aria-label=\"Follow on Facebook\" rel=\"noopener nofollow\" ><i class=\"icon-facebook\" ><\/i><\/a><a href=\"#\" target=\"_blank\" data-label=\"Instagram\" class=\"icon primary button circle instagram tooltip\" title=\"Follow on Instagram\" aria-label=\"Follow on Instagram\" rel=\"noopener nofollow\" ><i class=\"icon-instagram\" ><\/i><\/a><a href=\"#\" target=\"_blank\" data-label=\"TikTok\" class=\"icon primary button circle tiktok tooltip\" title=\"Follow on TikTok\" aria-label=\"Follow on TikTok\" rel=\"noopener nofollow\" ><i class=\"icon-tiktok\" ><\/i><\/a><a href=\"mailto:#\" data-label=\"E-mail\" target=\"_blank\" class=\"icon primary button circle email tooltip\" title=\"Send us an email\" aria-label=\"Send us an email\" rel=\"nofollow noopener\" ><i class=\"icon-envelop\" ><\/i><\/a><a href=\"tel:#\" data-label=\"Phone\" target=\"_blank\" class=\"icon primary button circle phone tooltip\" title=\"Call us\" aria-label=\"Call us\" rel=\"nofollow noopener\" ><i class=\"icon-phone\" ><\/i><\/a><a href=\"#\" data-label=\"YouTube\" target=\"_blank\" class=\"icon primary button circle youtube tooltip\" title=\"Follow on YouTube\" aria-label=\"Follow on YouTube\" rel=\"noopener nofollow\" ><i class=\"icon-youtube\" ><\/i><\/a><\/div>\n\n\n\t\t\t<\/div>\n\t\t<\/div>\n\t<\/div>\n\t\n\n\t\t<\/div>\n\t\t\t\t\t<\/div>\n\n\t\n\n\t<div id=\"col-1295205168\" class=\"col medium-7 small-12 large-8\"  >\n\t\t\t\t<div class=\"col-inner\"  >\n\t\t\t\n\t\t\t\n\n\t<div id=\"gap-1801815589\" class=\"gap-element clearfix\" style=\"display:block; height:auto;\">\n\t\t\n<style>\n#gap-1801815589 {\n  padding-top: 30px;\n}\n<\/style>\n\t<\/div>\n\t\n\n\t<div id=\"text-200678444\" class=\"text\">\n\t\t\n\n<h3>Om Lene<\/h3>\n\t\t\n<style>\n#text-200678444 {\n  font-size: 1.55rem;\n  line-height: 0.75;\n  text-align: center;\n}\n<\/style>\n\t<\/div>\n\t\n\t<div id=\"text-1389952619\" class=\"text\">\n\t\t\n\n<p>Student p\u00e5 KBT Fagskoleutdanning for Erfaringskonsulenter innen rus og psykisk helse.<\/p>\n<p>5-\u00e5rig utdanning som Veteropat hos Norsk Akademi for<br \/>Naturmedisin og er sertifisert homeopat, akupunkt\u00f8r og muskelterapeut p\u00e5 dyr, samt hundemass\u00f8r.\u00a0Jobbet som instrukt\u00f8r for Hunden Din Kompetansesenter.<\/p>\n<p>Videreutdanning p\u00e5 h\u00f8yskoleniv\u00e5 innen atferd og dyreassisterte intervensjoner med hund (15stp.)\u00a0fra NMBU.\u00a0<\/p>\n<p>Har bes\u00f8kshundkurs fra Dyrebar Omsorg,\u00a0Dyrebar Lisens og er medlem\u00a0det internasjonale community ICofA- aai (International Center of Anthrozoology).<\/p>\n<p>Hundeinstrukt\u00f8r fra Oslo Hundeskole.<\/p>\n<p>Hun har et samarbeid med Stiftelsen WayBack og jobber aktivt for \u00e5 fremme bruk av hund i st\u00f8rre grad sammen med mer brukermedvirkning og brukererfaring inn i helsetjenestene.<\/p>\n<p>Utviklet kurskonseptet &laquo;Samspill og Dyrebar Recovery&raquo; hos Podium AS som var tiltaksarrang\u00f8rer gjennom\u00a0NAV med deres tiltak\u00a0&laquo;Kom i Gang&raquo;. &laquo;Kom i Gang&raquo; var et tiltak for de i LAR\u00a0og med rusproblematikk som \u00f8nsket en rusfri hverdag.\u00a0<\/p>\n<p>Studerer n\u00e5 p\u00e5 KBT Fagskole &#8211; Kompetansesenter for Brukererfaring og Tjenesteutvikling p\u00e5 utdanningen for Erfaringskonsulenter, et NOKUT akkreditert studie som gir 60stp.\u00a0<\/p>\n<p>Praksisplass som erfaringskonsulent\u00a0p\u00e5 TSB &#8211; Tverrfaglig Spesialisert Rusbehandling i Spesialisthelsetjenesten, TSB Askim skole\u00e5ret 2021\/2022.<\/p>\n<p>Dyreassistert Coaching\/Veiledning<\/p>\n<p>Eier Dyrebar recovery AS sammen med Erik Aleksander Andersen.<\/p>\n\t\t\n<style>\n#text-1389952619 {\n  font-size: 1rem;\n}\n<\/style>\n\t<\/div>\n\t\n<a data-animate=\"fadeInLeft\" class=\"button success is-outline is-xxsmall\"  style=\"border-radius:5px;padding:6px 30px 6px 30px;\">\n    <span>Kontakt Lene<\/span>\n  <\/a>\n\n\n\n\t\t<\/div>\n\t\t\t\t\n<style>\n#col-1295205168 > .col-inner {\n  padding: 0px 1% 0px 1%;\n}\n@media (min-width:550px) {\n  #col-1295205168 > .col-inner {\n    padding: 0px 2% 0px 2%;\n  }\n}\n@media (min-width:850px) {\n  #col-1295205168 > .col-inner {\n    padding: 0px 0px 0px 10%;\n  }\n}\n<\/style>\n\t<\/div>\n\n\t\n\n<\/div>\n\n\t\t<\/div>\n\n\t\t\n<style>\n#section_1735446902 {\n  padding-top: 30px;\n  padding-bottom: 30px;\n}\n<\/style>\n\t<\/section>\n\t\n\t<section class=\"section dark has-parallax\" id=\"section_197276343\">\n\t\t<div class=\"bg section-bg fill bg-fill  \" data-parallax-container=\".section\" data-parallax-background data-parallax=\"-3\">\n\n\t\t\t\n\t\t\t\n\t\t\t\n\n\t\t<\/div>\n\n\t\t\n\n\t\t<div class=\"section-content relative\">\n\t\t\t\n\n<div class=\"row align-center\"  id=\"row-912765098\">\n\n\n\t<div id=\"col-152787284\" class=\"col medium-8 small-11 large-7\"  >\n\t\t\t\t<div class=\"col-inner text-center\"  >\n\t\t\t\n\t\t\t\n\n\t<div id=\"text-497421698\" class=\"text\">\n\t\t\n\n<h2 style=\"font-size: 200%;\">Ta kontakt med oss<\/h2>\n<p><strong>Vi vet hvor utfordrende og angstfylt det kan v\u00e6re, bare det og m\u00f8te opp.Tider som skal overholdes, ukjente mennesker \u00e5 forholde seg til..Tilbakef\u00f8ring til samfunnet etter utenforskap er en prosess.<\/strong><\/p>\n\t\t\n<style>\n#text-497421698 {\n  font-size: 0.85rem;\n}\n<\/style>\n\t<\/div>\n\t\n\t<div id=\"gap-401389199\" class=\"gap-element clearfix\" style=\"display:block; height:auto;\">\n\t\t\n<style>\n#gap-401389199 {\n  padding-top: 30px;\n}\n<\/style>\n\t<\/div>\n\t\n\n\n\t\t<\/div>\n\t\t\t\t\t<\/div>\n\n\t\n\n<\/div>\n\n\t\t<\/div>\n\n\t\t\n<style>\n#section_197276343 {\n  padding-top: 100px;\n  padding-bottom: 100px;\n}\n#section_197276343 .section-bg.bg-loaded {\n  background-image: url(https:\/\/dyrebarrecovery.no\/wp-content\/uploads\/2024\/05\/black-military-camouflage-seamless-pattern-vector-42180281-2-1.jpg);\n}\n#section_197276343 .section-bg {\n  background-position: 32% 70%;\n}\n<\/style>\n\t<\/section>\n\t\n<div class=\"row align-center\"  id=\"row-196103772\">\n\n\n\t<div id=\"col-541447046\" class=\"col medium-11 small-12 large-11\"  >\n\t\t\t\t<div class=\"col-inner\"  >\n\t\t\t\n\t\t\t\n\n<div class=\"row\"  id=\"row-544197322\">\n\n\n\t<div id=\"col-302455904\" class=\"col medium-6 small-12 large-6\"  >\n\t\t\t\t<div class=\"col-inner\"  >\n\t\t\t\n\t\t\t\n\n\t<div class=\"box has-hover   has-hover box-text-bottom\" >\n\n\t\t<div class=\"box-image\" >\n\t\t\t\t\t\t<div class=\"image-cover\" style=\"padding-top:100%;\">\n\t\t\t\t<img loading=\"lazy\" decoding=\"async\" width=\"1265\" height=\"1280\" src=\"https:\/\/dyrebarrecovery.no\/wp-content\/uploads\/2024\/05\/Original-on-Transparent-2-7-2.png\" class=\"attachment- size-\" alt=\"\" srcset=\"https:\/\/dyrebarrecovery.no\/wp-content\/uploads\/2024\/05\/Original-on-Transparent-2-7-2.png 1265w, https:\/\/dyrebarrecovery.no\/wp-content\/uploads\/2024\/05\/Original-on-Transparent-2-7-2-296x300.png 296w, https:\/\/dyrebarrecovery.no\/wp-content\/uploads\/2024\/05\/Original-on-Transparent-2-7-2-1012x1024.png 1012w, https:\/\/dyrebarrecovery.no\/wp-content\/uploads\/2024\/05\/Original-on-Transparent-2-7-2-768x777.png 768w\" sizes=\"auto, (max-width: 1265px) 100vw, 1265px\" \/>\t\t\t\t\t\t\t\t\t\t\t<\/div>\n\t\t\t\t\t<\/div>\n\n\t\t<div class=\"box-text text-center\" style=\"padding:20px 0px 0px 0px;\">\n\t\t\t<div class=\"box-text-inner\">\n\t\t\t\t\n\n<h6>Adresse<\/h6>\n\t<div id=\"text-71167747\" class=\"text\">\n\t\t\n\n<h3>Dyrebar Recovery AS<\/h3>\n\t\t\n<style>\n#text-71167747 {\n  font-size: 1.25rem;\n  line-height: 1;\n}\n<\/style>\n\t<\/div>\n\t\n<p>Voffeveien 10<br \/>0001 &#8211; Askim<\/p>\n\t<div id=\"gap-564778621\" class=\"gap-element clearfix\" style=\"display:block; height:auto;\">\n\t\t\n<style>\n#gap-564778621 {\n  padding-top: 20px;\n}\n<\/style>\n\t<\/div>\n\t\n\n\n\t\t\t<\/div>\n\t\t<\/div>\n\t<\/div>\n\t\n\n\t\t<\/div>\n\t\t\t\t\t<\/div>\n\n\t\n\n\t<div id=\"col-1330593354\" class=\"col medium-6 small-12 large-6\"  >\n\t\t\t\t<div class=\"col-inner\"  >\n\t\t\t\n\t\t\t\n\n\t<div class=\"box has-hover   has-hover box-text-bottom\" >\n\n\t\t<div class=\"box-image\" >\n\t\t\t\t\t\t<div class=\"image-cover\" style=\"padding-top:100%;\">\n\t\t\t\t<img loading=\"lazy\" decoding=\"async\" width=\"800\" height=\"800\" src=\"https:\/\/dyrebarrecovery.no\/wp-content\/uploads\/2024\/05\/Unknown-2.jpg\" class=\"attachment- size-\" alt=\"\" srcset=\"https:\/\/dyrebarrecovery.no\/wp-content\/uploads\/2024\/05\/Unknown-2.jpg 800w, https:\/\/dyrebarrecovery.no\/wp-content\/uploads\/2024\/05\/Unknown-2-300x300.jpg 300w, https:\/\/dyrebarrecovery.no\/wp-content\/uploads\/2024\/05\/Unknown-2-150x150.jpg 150w, https:\/\/dyrebarrecovery.no\/wp-content\/uploads\/2024\/05\/Unknown-2-768x768.jpg 768w\" sizes=\"auto, (max-width: 800px) 100vw, 800px\" \/>\t\t\t\t\t\t\t\t\t\t\t<\/div>\n\t\t\t\t\t<\/div>\n\n\t\t<div class=\"box-text text-center\" style=\"padding:20px 0px 0px 0px;\">\n\t\t\t<div class=\"box-text-inner\">\n\t\t\t\t\n\n<h6>Leveringsadresse<\/h6>\n\t<div id=\"text-109451382\" class=\"text\">\n\t\t\n\n<h3>Navn\/Firma, Norge<\/h3>\n\t\t\n<style>\n#text-109451382 {\n  font-size: 1.25rem;\n  line-height: 1;\n}\n<\/style>\n\t<\/div>\n\t\n<p>Leveringsadresse osv<br \/>0000 &#8211; Askim<\/p>\n\t<div id=\"gap-194906506\" class=\"gap-element clearfix\" style=\"display:block; height:auto;\">\n\t\t\n<style>\n#gap-194906506 {\n  padding-top: 20px;\n}\n<\/style>\n\t<\/div>\n\t\n\n\n\t\t\t<\/div>\n\t\t<\/div>\n\t<\/div>\n\t\n\n\t\t<\/div>\n\t\t\t\t\t<\/div>\n\n\t\n\n<\/div>\n\n\t\t<\/div>\n\t\t\t\t\n<style>\n#col-541447046 > .col-inner {\n  margin: -150px 0px 0px 0px;\n}\n<\/style>\n\t<\/div>\n\n\t\n\n<\/div>\n<div class=\"row row-full-width align-equal align-center\"  id=\"row-2145064431\">\n\n\n\t<div id=\"col-631465296\" class=\"col small-12 large-12\"  >\n\t\t\t\t<div class=\"col-inner\"  >\n\t\t\t\n\t\t\t\n\n\t<div id=\"gap-866252294\" class=\"gap-element clearfix\" style=\"display:block; height:auto;\">\n\t\t\n<style>\n#gap-866252294 {\n  padding-top: 30px;\n}\n<\/style>\n\t<\/div>\n\t\n\n\t<section class=\"section\" id=\"section_638747233\">\n\t\t<div class=\"bg section-bg fill bg-fill  \" >\n\n\t\t\t\n\t\t\t\n\t\t\t\n\t<div class=\"is-border\"\n\t\tstyle=\"border-color:rgb(235, 235, 235);border-width:1px 1px 1px 1px;\">\n\t<\/div>\n\n\t\t<\/div>\n\n\t\t\n\n\t\t<div class=\"section-content relative\">\n\t\t\t\n\n<div class=\"row row-full-width align-middle\"  id=\"row-549360766\">\n\n\n\t<div id=\"col-2013805211\" class=\"col medium-8 small-12 large-8 medium-col-first\"  >\n\t\t\t\t<div class=\"col-inner text-left dark\" style=\"background-color:rgba(255, 255, 255, 0);\" >\n\t\t\t\n\t\t\t\n\n\n<div class=\"wpcf7 no-js\" id=\"wpcf7-f431-o1\" lang=\"nb-NO\" dir=\"ltr\">\n<div class=\"screen-reader-response\"><p role=\"status\" aria-live=\"polite\" aria-atomic=\"true\"><\/p> <ul><\/ul><\/div>\n<form action=\"\/index.php?rest_route=%2Fwp%2Fv2%2Fpages%2F44#wpcf7-f431-o1\" method=\"post\" class=\"wpcf7-form init\" aria-label=\"Kontaktskjema\" novalidate=\"novalidate\" data-status=\"init\">\n<div style=\"display: none;\">\n<input type=\"hidden\" name=\"_wpcf7\" value=\"431\" \/>\n<input type=\"hidden\" name=\"_wpcf7_version\" value=\"5.9.6\" \/>\n<input type=\"hidden\" name=\"_wpcf7_locale\" value=\"nb_NO\" \/>\n<input type=\"hidden\" name=\"_wpcf7_unit_tag\" value=\"wpcf7-f431-o1\" \/>\n<input type=\"hidden\" name=\"_wpcf7_container_post\" value=\"0\" \/>\n<input type=\"hidden\" name=\"_wpcf7_posted_data_hash\" value=\"\" \/>\n<\/div>\n<p><label> Ditt navn<br \/>\n<span class=\"wpcf7-form-control-wrap\" data-name=\"your-name\"><input size=\"40\" maxlength=\"80\" class=\"wpcf7-form-control wpcf7-text wpcf7-validates-as-required\" autocomplete=\"name\" aria-required=\"true\" aria-invalid=\"false\" value=\"\" type=\"text\" name=\"your-name\" \/><\/span> <\/label>\n<\/p>\n<p><label> Din e-post<br \/>\n<span class=\"wpcf7-form-control-wrap\" data-name=\"your-email\"><input size=\"40\" maxlength=\"80\" class=\"wpcf7-form-control wpcf7-email wpcf7-validates-as-required wpcf7-text wpcf7-validates-as-email\" autocomplete=\"email\" aria-required=\"true\" aria-invalid=\"false\" value=\"\" type=\"email\" name=\"your-email\" \/><\/span> <\/label>\n<\/p>\n<p><label> Emne<br \/>\n<span class=\"wpcf7-form-control-wrap\" data-name=\"your-subject\"><input size=\"40\" maxlength=\"80\" class=\"wpcf7-form-control wpcf7-text wpcf7-validates-as-required\" aria-required=\"true\" aria-invalid=\"false\" value=\"\" type=\"text\" name=\"your-subject\" \/><\/span> <\/label>\n<\/p>\n<p><label> Din melding (frivillig)<br \/>\n<span class=\"wpcf7-form-control-wrap\" data-name=\"your-message\"><textarea cols=\"40\" rows=\"10\" maxlength=\"400\" class=\"wpcf7-form-control wpcf7-textarea\" aria-invalid=\"false\" name=\"your-message\"><\/textarea><\/span> <\/label>\n<\/p>\n<p><input class=\"wpcf7-form-control wpcf7-submit has-spinner\" type=\"submit\" value=\"Send inn\" \/>\n<\/p><div class=\"wpcf7-response-output\" aria-hidden=\"true\"><\/div>\n<\/form>\n<\/div>\n\n\n\t\t<\/div>\n\t\t\t\t\t<\/div>\n\n\t\n\n\t<div id=\"col-915298321\" class=\"col medium-4 small-12 large-4\"  >\n\t\t\t\t<div class=\"col-inner text-center dark\"  >\n\t\t\t\n\t\t\t\n\n\t<div id=\"text-2424880485\" class=\"text\">\n\t\t\n\n<h6>Dyrebar Recovery AS<\/h6>\n<p>Firma Info her<br \/>Org: NO123456789MVA<\/p>\n\t\t\n<style>\n#text-2424880485 {\n  font-size: 1.25rem;\n  text-align: left;\n}\n<\/style>\n\t<\/div>\n\t\n\t<div id=\"gap-1286326178\" class=\"gap-element clearfix\" style=\"display:block; height:auto;\">\n\t\t\n<style>\n#gap-1286326178 {\n  padding-top: 20px;\n}\n<\/style>\n\t<\/div>\n\t\n\n\t<div id=\"text-4072543852\" class=\"text\">\n\t\t\n\n<h6>Firmaadresse<\/h6>\n<p>Voffe Kollen 10<br \/>0000 Askim<\/p>\n\t\t\n<style>\n#text-4072543852 {\n  text-align: left;\n}\n<\/style>\n\t<\/div>\n\t\n<div class=\"social-icons follow-icons full-width text-left\" style=\"font-size:73%\"><a href=\"#\" target=\"_blank\" data-label=\"Facebook\" class=\"icon button circle is-outline facebook tooltip\" title=\"Follow on Facebook\" aria-label=\"Follow on Facebook\" rel=\"noopener nofollow\" ><i class=\"icon-facebook\" ><\/i><\/a><a href=\"#\" target=\"_blank\" data-label=\"Instagram\" class=\"icon button circle is-outline instagram tooltip\" title=\"Follow on Instagram\" aria-label=\"Follow on Instagram\" rel=\"noopener nofollow\" ><i class=\"icon-instagram\" ><\/i><\/a><a href=\"#\" target=\"_blank\" data-label=\"TikTok\" class=\"icon button circle is-outline tiktok tooltip\" title=\"Follow on TikTok\" aria-label=\"Follow on TikTok\" rel=\"noopener nofollow\" ><i class=\"icon-tiktok\" ><\/i><\/a><a href=\"mailto:#\" data-label=\"E-mail\" target=\"_blank\" class=\"icon button circle is-outline email tooltip\" title=\"Send us an email\" aria-label=\"Send us an email\" rel=\"nofollow noopener\" ><i class=\"icon-envelop\" ><\/i><\/a><a href=\"tel:#\" data-label=\"Phone\" target=\"_blank\" class=\"icon button circle is-outline phone tooltip\" title=\"Call us\" aria-label=\"Call us\" rel=\"nofollow noopener\" ><i class=\"icon-phone\" ><\/i><\/a><a href=\"#\" data-label=\"YouTube\" target=\"_blank\" class=\"icon button circle is-outline youtube tooltip\" title=\"Follow on YouTube\" aria-label=\"Follow on YouTube\" rel=\"noopener nofollow\" ><i class=\"icon-youtube\" ><\/i><\/a><\/div>\n\n\n\t\t<\/div>\n\t\t\t\t\t<\/div>\n\n\t\n\n\n<style>\n#row-549360766 > .col > .col-inner {\n  padding: 10px 10px 10px 10px;\n}\n@media (min-width:550px) {\n  #row-549360766 > .col > .col-inner {\n    padding: 30px 30px 0 30px;\n  }\n}\n<\/style>\n<\/div>\n\n\t\t<\/div>\n\n\t\t\n<style>\n#section_638747233 {\n  padding-top: 30px;\n  padding-bottom: 30px;\n}\n#section_638747233 .section-bg.bg-loaded {\n  background-image: url(https:\/\/dyrebarrecovery.no\/wp-content\/uploads\/2024\/05\/black-military-camouflage-seamless-pattern-vector-42180281-2-1.jpg);\n}\n<\/style>\n\t<\/section>\n\t\n\n\t\t<\/div>\n\t\t\t\t\n<style>\n#col-631465296 > .col-inner {\n  margin: 0px 0px 30px 0px;\n}\n<\/style>\n\t<\/div>\n\n\t\n\n<\/div>\n\n","protected":false},"excerpt":{"rendered":"","protected":false},"author":1,"featured_media":0,"parent":0,"menu_order":0,"comment_status":"closed","ping_status":"closed","template":"","meta":{"footnotes":""},"class_list":["post-44","page","type-page","status-publish","hentry"],"_links":{"self":[{"href":"https:\/\/dyrebarrecovery.no\/index.php?rest_route=\/wp\/v2\/pages\/44","targetHints":{"allow":["GET"]}}],"collection":[{"href":"https:\/\/dyrebarrecovery.no\/index.php?rest_route=\/wp\/v2\/pages"}],"about":[{"href":"https:\/\/dyrebarrecovery.no\/index.php?rest_route=\/wp\/v2\/types\/page"}],"author":[{"embeddable":true,"href":"https:\/\/dyrebarrecovery.no\/index.php?rest_route=\/wp\/v2\/users\/1"}],"replies":[{"embeddable":true,"href":"https:\/\/dyrebarrecovery.no\/index.php?rest_route=%2Fwp%2Fv2%2Fcomments&post=44"}],"version-history":[{"count":16,"href":"https:\/\/dyrebarrecovery.no\/index.php?rest_route=\/wp\/v2\/pages\/44\/revisions"}],"predecessor-version":[{"id":499,"href":"https:\/\/dyrebarrecovery.no\/index.php?rest_route=\/wp\/v2\/pages\/44\/revisions\/499"}],"wp:attachment":[{"href":"https:\/\/dyrebarrecovery.no\/index.php?rest_route=%2Fwp%2Fv2%2Fmedia&parent=44"}],"curies":[{"name":"wp","href":"https:\/\/api.w.org\/{rel}","templated":true}]}}